hat is the units digit of c(5)?
2
Let b(u) = 5*u - 11. What is the tens digit of b(8)?
2
Let h = -1 + 5. Suppose -h*j = 4*g + 28 - 116, -32 = -2*g + j. What is the tens digit of g?
1
Let m(d) = -d + 71. Let o be m(0). Suppose 0 = 4*b + 15 - o. What is the units digit of b?
4
Let v(c) = 3*c - 14. What is the units digit of v(6)?
4
Suppose 8 = 3*v - 2*v. Suppose -5*q - v = 2*m, -1 = 5*m - 6. What is the units digit of ((-1)/1)/(q + 1)?
1
Let b(z) = -z**3 + 6*z**2 + 8*z - 5. Let c be b(7). Suppose 0*t = -t - 2, c*u + 4*t - 10 = 0. What is the units digit of u?
9
Let l(b) = 48*b**2 + 1. What is the hundreds digit of l(2)?
1
Let p(t) = 12*t - 5. Suppose -10 = -4*g + 6. What is the tens digit of p(g)?
4
Suppose 10 = d + d. Suppose -2*w + 6*w + d*r = 66, -2*w + 34 = 2*r. What is the tens digit of w?
1
Let d = -433 - -767. What is the tens digit of d?
3
Suppose -3*r + 99 = -216. What is the tens digit of r?
0
Let h be 1 + 36 - 1/1. What is the tens digit of (-131)/(-6) + 6/h?
2
Suppose -k = 3 + 1. Let b be (-62)/k - 1/(-2). Suppose b = -4*u + 6*u. What is the units digit of u?
8
Suppose -5*l = -3*l - 8. Suppose 5*u = 4*j + 21 - 94, 98 = 5*j - l*u. What is the units digit of j?
2
Let h = 28 - 20. What is the units digit of h?
8
Let a = -54 - -105. What is the tens digit of a?
5
What is the units digit of 119 - -25 - (-1 - 1)?
6
Let a be (-2)/(-7) + (-26)/(-7). Let q(f) = 0*f - f**2 + a*f + f - 2. What is the units digit of q(3)?
4
Let j = 4 + 6. Let z be (-17 + -1)*j/(-4). Suppose -3*f + z = 2*f. What is the units digit of f?
9
Suppose 5*n - w = -4, 2*w + 8 = 4*w. Let t be n + -1 + -1 + -1. What is the units digit of -3*3/t + -1?
2
Let l(t) = -t**3 + 22*t**2 + 8*t - 21. What is the tens digit of l(22)?
5
Let z = -2 + 8. Let s(f) = f**2 - 4*f + 10. What is the units digit of s(z)?
2
Let t = 16 + -34. Let r be 68/t + 2/(-9). Let c = r - -17. What is the tens digit of c?
1
Suppose -2*c - 12 = -6*c. Suppose 116 = 3*a - c*k + 11, -16 = -4*k. What is the tens digit of a?
3
Suppose 0 = 2*v - 8*v + 246. What is the units digit of v?
1
Let x(n) = n**2 + 5*n - 7. Let q be x(-5). What is the units digit of ((-22)/1)/(5 + q)?
1
Suppose 0*p - 6 = -p. Suppose -6*k = -4*k - p. Suppose 5*m = -3*i + 74, -m = -k*i + 2*i - 10. What is the tens digit of m?
1
Let c(n) = 0 - 1 + 35*n - 35*n + 16*n**2. What is the tens digit of c(-1)?
1
Let l = -25 + 29. Suppose 0 = -l*n - 2*n + 174. What is the units digit of n?
9
Suppose k - 5*k = -4*a + 296, 0 = -5*k - 15. What is the tens digit of a?
7
Let l = 28 + -18. What is the units digit of (4 + -1)*(l - 5)?
5
Suppose 30 = 5*p - 5*t, 0*p + 19 = -p - 4*t. What is the units digit of p?
1
Let p(b) = -3*b + 3. Let y be 4/(1/1*-1). What is the units digit of p(y)?
5
Suppose -2*v = -5*i - 67, -3*v + i + 72 + 61 = 0. Suppose 5*u = 3*u + v. Suppose 0 = 3*g - m - u, 0*g + 2*m + 32 = 4*g. What is the units digit of g?
7
Let t = 96 + 4. What is the hundreds digit of t?
1
Let n(h) = h**2 + 3*h. Let m be (-93)/15 + (-2)/(-10). Let i be n(m). Suppose 5*b + 0*b - 36 = 3*u, 0 = b + 3*u - i. What is the units digit of b?
9
Let t be (8 + 1)*3/9. Suppose 3*y = -t*d + 81, -5*y = 3*d - 100 + 15. What is the units digit of d?
5
Let p be (-14 + 4)*1/1. Let z(v) = v**2 + 9*v - 8. What is the units digit of z(p)?
2
Suppose -q + 56 = q. What is the units digit of q?
8
Suppose -21 - 11 = 4*c. Let q = c - -2. Let l(h) = -2*h + 3. What is the tens digit of l(q)?
1
Let u(o) = o**2 + 2*o + 2. Let s be u(-2). Suppose s*v - 7 - 9 = 0. What is the units digit of v?
8
Suppose -2*m + 7*m - 4*o - 10 = 0, 2*o = 0. Suppose -4*g - 4*q - 14 - 2 = 0, m*g + 23 = -5*q. What is the units digit of g?
1
Suppose -f = -45 - 21. Let o = f + -32. What is the tens digit of o?
3
Suppose -60 = -4*i + 4*x, 52 = 5*i - 3*x - 27. What is the tens digit of i?
1
Suppose -6*z - 26 = -q - 2*z, 62 = 2*q - 3*z. What is the tens digit of q?
3
Suppose 9*u + 54 = 12*u. What is the units digit of u?
8
Let t = -3 + 7. What is the units digit of 15 - 2 - t/4?
2
Suppose -4*m + 36 = f + 16, -5*m + 3*f + 8 = 0. Let l = 10 - m. Let g(n) = -n**3 + 7*n**2 - 4*n - 5. What is the units digit of g(l)?
7
Let m be -2*(1 - (-2)/(-4)). Let u = 14 + m. Let y = u + -9. What is the units digit of y?
4
Suppose 0*h + 52 = 4*h. What is the tens digit of h?
1
Suppose -2*v = 4*h - 138, 3*v + 5*h + 123 = 326. What is the units digit of v?
1
What is the tens digit of (-20)/(3/4*(-40)/285)?
9
Suppose -37 + 297 = 4*u. What is the units digit of u?
5
Let p = -25 - -3. Let n = -15 - p. What is the units digit of n?
7
Let d = 259 - 73. What is the units digit of d?
6
Suppose x = 4*x - 27. Suppose -2*i + x = i. Suppose i*n + 27 = 3*f, 2*f + 2*n + 6 = 3*f. What is the units digit of f?
2
Suppose 3*h + 11 = -j, -5 = -j + 3*h - 2*h. What is the units digit of -2 + j/((-2)/(-16))?
6
What is the units digit of -4 + 3 + (1 - (2 + -148))?
6
Let x(b) be the first derivative of -2 - 2*b - 2/3*b**3 + 1/4*b**4 + 0*b**2. What is the units digit of x(3)?
7
Suppose -68*x = -64*x - 36. What is the units digit of x?
9
Suppose -3*o + 2*s = -14, 2*o - 28 + 8 = -4*s. Suppose -10 = -2*v, -5*c - 2*v + 1 = o. What is the units digit of (4/c)/(2/(-15))?
0
Let z(k) = -k**3 + 14*k**2 - k - 16. Let m(s) = -3*s**3 + 41*s**2 - 2*s - 47. Let g(q) = 4*m(q) - 11*z(q). What is the tens digit of g(10)?
1
Let m be (10 - 9)/(1/3). Let n = 7 - -23. Suppose 0*h + n = m*h. What is the units digit of h?
0
Suppose -11*n = -7*n - 8. What is the units digit of 20/8 + n/4?
3
Let z(n) = -n**3 + 4*n**2. Let y be z(2). Let m = y - 4. Suppose 2*g - 4*t = -g + 27, m*g + 4*t - 8 = 0. What is the units digit of g?
5
Let f(n) = 24*n**2. Let u be f(-1). Suppose 3*j - 12 - u = -5*r, 3*r = 3*j + 36. Suppose 0 = -2*s - x + 31, -s - x + 4 = -r. What is the units digit of s?
8
Suppose 4*l - 768 = -d, -l + 3*d = 2*d - 187. What is the hundreds digit of l?
1
Let v(r) = 16*r + 1. Let f be v(2). Let y = f + -18. What is the units digit of 6/15 + 129/y?
9
Suppose -3*v + c = -10, c - 18 = -5*v + v. What is the units digit of (v/(-10))/((-1)/5)?
2
Suppose 9*g = 4*g + 15. Suppose -l = 5 - g. What is the units digit of 3 - 5/((-5)/l)?
1
Suppose 5*x = 3*v - 0*v - 19, 25 = -3*x - 5*v. Let k be (-3 - x) + (-4)/(-1). Suppose w = -0*w + k. What is the units digit of w?
6
Let q(n) = -n + 12. Let g be q(10). Suppose 2*y = 4*k - 4 + 42, 34 = 2*y - g*k. What is the units digit of y?
5
Let y(g) = -g**2 - g + 1. Let v(b) = b**3 + 4*b**2 - 8*b - 1. Let m(n) = v(n) - 2*y(n). Let h be m(-7). What is the units digit of 19/2 + 15/h?
8
Let u(b) = b**2 - 5*b + 8. What is the units digit of u(5)?
8
Let u(j) be the second derivative of -j**3/6 + j**2/2 - 4*j. Suppose 3 = f + 4. What is the units digit of u(f)?
2
Let b be (-3)/((-2)/(8/6)). Let y be 0*(b + -1 + 0). Suppose -7*h + 2*h + 30 = y. What is the units digit of h?
6
Let b = 4 + -4. Suppose 25 = -b*l + 5*l. Suppose -3*x + 4*d = -29, -3*d + 2 - 32 = -l*x. What is the units digit of x?
3
Let q(b) = b**2 - 4*b - 24. What is the tens digit of q(-14)?
2
Suppose -5*j + 37 = -4*x + 7, 5*x + 15 = 4*j. Suppose -t = -4*k - 6 - j, -2*t + 26 = -5*k. What is the units digit of t?
8
What is the hundreds digit of (-4 - -5)*-2 - -193?
1
Let d = 5 - 2. Let m be d/(-6)*4/(-2). Suppose -5*l + m + 4 = 0. What is the units digit of l?
1
Let s = 5 + -5. Suppose 4*m + 7 - 19 = s. Let z = 11 - m. What is the units digit of z?
8
Let h = 175 - 99. What is the tens digit of h?
7
Let i(s) = s**2 - 11*s - 4. Suppose -5*f - 12 = -6*f. What is the units digit of i(f)?
8
Let j be (-3)/(0 + -3)*-8. Let b be (-7)/(-2) - 4/j. What is the units digit of 21/4 - b/16?
5
Let b(l) = -l**2 + 9*l. Let g be b(8). Let f(s) = 2*s - 8. What is the units digit of f(g)?
8
Suppose -1302 = -5*c + 53. What is the units digit of c?
1
Suppose 3*h = 5*h + 5*z - 238, -113 = -h - z. What is the hundreds digit of h?
1
Let h(r) = 11*r - 6. What is the units digit of h(13)?
7
Let h = 2 + 1. Let r be (-12)/(((-27)/24)/h). Suppose -4*a - 8 = -r. What is the units digit of a?
6
Let n be ((-1)/2)/(1/(-22)). Let v = n + -7. Suppose -5*t + 6*t - 5*b - 33 = 0, 0 = -2*t - 4*b - v. What is the units digit of t?
8
Let m = 332 + -54. What is the units digit of m?
8
Let v be (-1 + -5)/(6/(-76)). Suppose 3*i - 7*i = -v. S